2 + 4*f. Let o(l) = b(l) - 6*i(l). Determine o(0).
11
Let t(v) = 29*v - 9. Let l(n) = -30*n + 11. Let q(z) = 4*l(z) + 5*t(z). Give q(-1).
-26
Let b(p) = -1 - 2 + 6 + 3*p**2 + 4 - 2*p. Let i(w) = -2*w**2 + w - 3. Let q(v) = -3*b(v) - 7*i(v). Give q(2).
18
Let q = 33 + -28. Let d(a) = a**3 - 13*a**2 + a - 6. Let s be d(13). Let p(l) = q - 18 + 7 + s - 2*l. Determine p(1).
-1
Let u(z) = -z + 1. Suppose 2*b + 31 - 11 = 3*j, 0 = -4*b + 3*j - 28. Calculate u(b).
5
Let o(l) be the third derivative of l**6/120 + 7*l**5/60 + l**4/4 + 3*l**3/2 - 19*l**2 - l. Calculate o(-7).
-33
Let m = 627 - 634. Let w(f) be the third derivative of f**5/60 + f**4/4 - 2*f**3/3 - f**2. What is w(m)?
3
Let k be (-2)/10 + 15/75. Suppose 1 = -z - k. Let j be -3*(-3 + 4)*z. Let x(g) = g**3 - 3*g**2 + 2*g - 4. Give x(j).
2
Let x be 3/(-5) - ((-215)/25 - -4). Let i(d) = -d + 1 + 4 + 0. Determine i(x).
1
Let h(d) be the first derivative of -4/3*d**3 - 6 - 4*d - 3/2*d**2 - 1/4*d**4. Give h(-4).
8
Let z(o) = 1472*o**3 - 2948*o**3 - 1 + o + 1475*o**3 + 5*o**2. Give z(4).
19
Let j(p) = p + 4. Let w be 1 + -1 - 90/15. Let f = w - -12. Give j(f).
10
Let q(t) be the second derivative of -t**4/6 - 10*t**3/3 - 7*t**2/2 + 4*t - 21. Give q(-11).
-29
Let u(p) = 0*p + 2*p + 6 - 4*p. Suppose 10*j - 48 = 2*j. Determine u(j).
-6
Let h(t) = 5*t + 6 - 8*t - 4 + 6*t - 4. Determine h(-4).
-14
Let q(b) = -b**2 + 10*b - 6. Let h be q(10). Let y(g) = g**2 + 4 + 4*g + 0*g + 2*g + 2*g. Calculate y(h).
-8
Let g(q) be the first derivative of q**4/4 + 2*q**3/3 - 7*q**2/2 + 5*q - 495. What is g(1)?
1
Let j(y) be the first derivative of -2*y**2 + y**2 + 2 + 3*y - 5*y**2 + 8*y**2. Calculate j(-2).
-5
Let h be (60/(-40))/((-6)/(-16)). Let l(m) = 5*m**2 - 11*m - 2. Suppose 2*z + 0 = -22. Let v(c) = 9*c**2 - 21*c - 4. Let r(o) = z*l(o) + 6*v(o). Calculate r(h).
2
Let q(b) = 6*b**3 - b. Suppose -8 = -2*y, m - 8 = -y - 2. Suppose 0 - 10 = -5*j, -3*j = 4*g - m. Determine q(g).
-5
Let o(q) be the third derivative of q**6/120 + q**5/60 - q**4/24 + q**3/6 + q**2 - 13*q. Give o(0).
1
Let u(o) be the third derivative of -o**5/60 - o**4/4 + 5*o**3/6 + 105*o**2. Give u(-4).
13
Let b(s) = -6*s**2 - 1. Let g be b(1). Let x(d) = d + 14. Let i be x(-9). Let v(n) = -i*n + 7*n - 8 - 3*n + 0*n. Determine v(g).
-1
Suppose -15 = -4*f - 3. Suppose -2*w = 2*w + 3*r + 4, 2 = -2*w + f*r. Let t be w + 3/(6/(-4)). Let h(d) = -d**2 - d. Calculate h(t).
-6
Let w = 7 - 2. Suppose n - 3 + 2 = 0. Let u(h) = 2 + h**2 - w*h + n - 1. Give u(3).
-4
Let q(z) = -z**3 + 6*z**2 - z + 1. Let a be q(6). Let d(x) = x + 91. Let u(m) = -m - 76. Let v(o) = -5*d(o) - 6*u(o). Give v(a).
-4
Let b(z) = 1 + z - 3 - 6*z + z**2. Suppose -5*o = 5*q - 25, -5*o + 25 = 5*q - 8*o. Suppose -11*d - q = -12*d. Determine b(d).
-2
Suppose 2*f = -0*f - 10. Let m be 2*(1 - (-28)/(-8)). Let l(n) = -4*n**2 - n - 3. Let w(b) = -b**2 - b. Let g(i) = m*w(i) + l(i). Calculate g(f).
2
Let i(u) be the third derivative of -u**4/24 + 2*u**3 - 4*u**2. Let w = -360 - -369. Calculate i(w).
3
Let h(x) be the third derivative of -x**5/60 + x**4/6 + x**3/3 - 2720*x**2. Suppose 5*y - 20 = 5. Determine h(y).
-3
Let p = -209 - -219. Let k(y) = y + 1. Calculate k(p).
11
Let y(s) be the third derivative of -1/120*s**6 + 11/6*s**3 + 1/6*s**5 + 0*s - s**2 + 2 - 3/8*s**4. Determine y(9).
11
Let f(c) = -c - 4. Suppose m - 13 = -3*b, -b + 3*b - 11 = -3*m. Let x be (-3 - -3)/(2 - m). Let l = x + -3. What is f(l)?
-1
Let v(a) = -a**2 + 1163 - 2325 - 3*a + 1160. Let j = -9 - -4. What is v(j)?
-12
Let n(c) = c**2 + c - 2. Suppose -q = 4*w + 44, -2*w + 3*q - 4*q = 22. Let k be (-1 - 6)*(-12 - w). Suppose 0 = -2*p + k*p + 10. What is n(p)?
0
Let v(s) = s**2 - 4*s - 5. Let m = 40 - 34. Suppose -26 + m = -5*y. Determine v(y).
-5
Suppose 4*j - 7 = 11*j. Let v(p) = -24*p + 2. Determine v(j).
26
Let b = -587 + 589. Let h(p) = -4*p**2 - 5. What is h(b)?
-21
Let y be 3 + -6 + (-63)/(-18). Let z(a) be the first derivative of -a**3 + 3*a - 1/4*a**4 - y*a**2 + 7. Give z(-3).
6
Suppose -2*y + 8 = 0, 3*t = 2*t - 3*y + 17. Suppose -2*z = -15 + t. Let p(n) = n**3 - 5*n**2 - 4. Give p(z).
-4
Suppose -4*o = -i + 19, 5*i + 2*o - 9 = -2. Suppose -4*a + 12 = -4*g, -5*g - 3*a = -4*a + i. Let h(s) = -s**3 - s**2 + 3. Give h(g).
3
Let b be (-5 - -4)/((-2)/10). Let c(t) = -t. Let u(x) = x. Let r(d) = 2*c(d) + u(d). Give r(b).
-5
Let r(x) be the second derivative of x**4/12 - 7*x**3/6 + 7*x**2/2 + 5*x. Suppose -5 = -2*p + 2*u - 1, 2*u - 20 = -2*p. Determine r(p).
1
Let a(z) = z**2 + 10*z - 9. Suppose 84 + 226 = -31*v. Determine a(v).
-9
Let m(b) = b + 11. Let o = -1152 - -1134. Give m(o).
-7
Let b(v) be the first derivative of 3*v**2/2 - 49*v + 869. Give b(14).
-7
Let x(i) = 10*i**2 + 18*i + 15. Suppose 3*s + 5*g + 4 + 17 = 0, -s - 3*g = 11. Let m(p) = -3*p**2 - 6*p - 5. Let f(q) = s*x(q) - 7*m(q). Calculate f(-6).
5
Let f(i) = -i**2 + 7*i - 7. Let q = -34 - -56. Let g = q + -16. Determine f(g).
-1
Let m(x) be the third derivative of x**4/12 + x**3 + 66*x**2. Give m(12).
30
Let s(v) = -50*v + 45. Let i(j) = -j + 1. Let l(k) = -90*i(k) + 2*s(k). Let u be 2 + (-3)/(2 - -1). Determine l(u).
-10
Let l(g) = -g. Let i(q) = -5*q. Suppose 4*d + 5 = 9*d. Let w(o) = d*i(o) - l(o). Determine w(-1).
4
Let n = 1152 - 1153. Let r(k) be the first derivative of -2*k**3/3 + k - 1. Calculate r(n).
-1
Suppose -5*q + 3*l = -3*q - 7, -3*l = 5*q - 28. Let g(m) = q*m + 4*m - 10*m. Suppose 2*x + 0 + 2 = 0. Determine g(x).
1
Let h(b) = -2 + 2 - 3 + 5*b + 0 + 2. Determine h(1).
4
Let f(n) = 29*n + 13 + 10*n**2 + 11 - 5*n**3 + 0*n**3 + 9*n**2. Let l(u) = u**3 - 5*u**2 - 7*u - 6. Let o(h) = 2*f(h) + 9*l(h). What is o(-6)?
-12
Let l(k) = -k**2 + 13*k - 14. Suppose -f = 5*w + 9, -3*f - 3*w = -0*f - 21. Give l(f).
8
Let x(l) be the first derivative of 3*l**2 + 4*l - 9*l**3 - 3*l - 4*l**2 + 8*l**3 + 11. What is x(1)?
-4
Suppose 5*n + 5 = 0, 3*g - 3*n + 11 = -1. Let i be g/10 - (-30)/4. Let s(o) = o**3 - 7*o**2 + 4. Determine s(i).
4
Let s(c) = c + 7. Let y be 296/4*1/2. Let l = 42 - y. Determine s(l).
12
Let o(y) be the first derivative of -y**4/4 - y**3/3 - y**2/2 + 25. Let b be o(-2). Let t(h) = -h**3 + 7*h**2 - 5*h - 3. Give t(b).
3
Let i(y) = 2*y**2 - 4*y - 1. Suppose z = -5*a + 4*z + 217, -a - 5*z = -49. Let q be 3/(-2 + a/16). Calculate i(q).
15
Suppose -4*s + 7 = r, -12*s + 11*s + 28 = -5*r. Let c(t) = t**s - 3 - t**2 - 35*t + 30*t + 3*t**2. Determine c(-3).
3
Let g(c) be the second derivative of -6*c**2 + 0 + 2*c - 1/6*c**3 - 1/24*c**4. Let n(q) be the first derivative of g(q). What is n(-4)?
3
Let y be ((-3)/2)/(6/(-8)). Let r(s) = -y + 1 - s - s. Let i(j) = -j**2 + 7*j - 13. Let x be i(3). Calculate r(x).
1
Let g(z) = 5*z + 4. Let j(p) = 22*p + 18. Let x(n) = 26*g(n) - 6*j(n). Calculate x(-8).
12
Let y(n) = -9*n + 2. Let z be (6/(-18))/(2/324*-6). Calculate y(z).
-79
Let f(h) be the first derivative of -7*h**3/3 - h**2/2 - h + 112. Calculate f(-1).
-7
Let o(c) = -11*c**2 + c + 8*c - 367525 + 367509 - c**3. Calculate o(-12).
20
Suppose 3*r - 2*v + 20 = 0, -23 = 4*r + v - 0*v. Let q(u) = -u**2 - 2*u + 3. Give q(r).
-21
Let k(s) be the first derivative of -s**4/4 + 2*s**3 + 3*s**2/2 + 2*s - 663. Give k(5).
42
Let s(u) be the second derivative of -u**5/20 - 5*u**4/12 + u**3 - 3*u**2 - 2*u. Let b(c) = -2*c**3 - 5*c**3 - 2*c**2 + 2*c**3 + 1. Let g be b(1). What is s(g)?
-6
Let x(l) = -6*l**2 + l**3 - 8*l - 13 + 8 + 14. Determine x(7).
2
Let i(f) = -2*f - 4*f + 3*f. Let d = -1152 + 1146. Calculate i(d).
18
Suppose 154*g = 146*g + 96. Let a(k) = -k**2 + 11*k - 13. Calculate a(g).
-25
Let b be 11 + 8*2/(-4). Let y(r) = 1 + r**2 + 2 - 1 - 5 - b*r. Give y(6).
-9
Let n(g) be the third derivative of g**4/24 + 5*g**3/6 + 78*g**2 + g. What is n(-7)?
-2
Let w(t) = t**2 - 11*t - 57. Let h = -1395 - -1410. Calculate w(h).
3
Let o = -27 + 32. Suppose 0*g - o*g + 25 = 0. Let c(d) = d**2 - 7*d + 1. Determine c(g).
-9
Let s(d) = 4*d + 1. Suppose 0*u + 2*u + 2 = 0. Let j be u - 1/2 - (-3)/(-6). What is s(j)?
-7
Let t(d) = 3*d + 3982*d**2 - 3983*d**2 - 3 + 0*d. Let l = -3 + 5. Determine t(l).
-1
Let b(v) = -15*v + 5*v + 3 + 9*v. Let c be (4 - 1 - 5)/(2/(-3)). Determine b(c).
0
Let t(r) = -5*r**2 + 10*r + 8. Let m(l) = 13*l**2 - 30*l - 24. Let d(f) = 3*m(f) + 8*t(f). W